**3 + 8*p**2 + 364*p - 285. What is z(-16)?
35
Let a(d) = -2547*d - 264866. Give a(-104).
22
Let i(y) = -1714*y + 185209. Calculate i(108).
97
Let g(l) = l**2 + 64*l - 6269. Determine g(51).
-404
Let f(h) = 5*h**3 + 213*h**2 + 1995*h + 3141. Calculate f(-30).
-9
Let v(w) = -7*w**2 + 2006*w + 886. Determine v(287).
25
Let j(h) = -65639*h - 65644. What is j(-1)?
-5
Let y(z) = 918*z + 189904. Give y(-207).
-122
Let u(j) = -2*j**3 - 34*j**2 - 126*j - 39. Calculate u(-3).
87
Let u(o) = -48*o**2 - 718*o + 28. Calculate u(-15).
-2
Let g(w) = 4*w**3 + 88*w**2 - 2020*w - 129. Give g(-36).
15
Let a(y) = 2*y**2 + 90*y - 1147. Determine a(11).
85
Let j(l) = -2138*l - 51315. Give j(-24).
-3
Let v(y) = 6*y**2 - 137*y + 516. What is v(23)?
539
Let j(i) = -i**3 - 87*i**2 - 1117*i - 6907. Calculate j(-73).
28
Let n(j) = 12466*j**2 + 261788*j + 56. Give n(-21).
14
Let v(q) = -22*q**3 + 747*q**2 + 106*q - 2377. Calculate v(34).
71
Let b(j) = -781*j - 1415. Give b(-3).
928
Let k(c) = c**2 - 393*c + 6424. Give k(17).
32
Let j(m) = 27*m - 868. Calculate j(59).
725
Let g(l) = 2*l**3 + 113*l**2 + 20*l - 8167. Determine g(-55).
-192
Let z(m) = 13*m**3 + 2003*m**2 - 3899*m + 161. Give z(-156).
5
Let a(u) = -u**3 + 420*u**2 + 7435*u - 2684. What is a(437)?
-62
Let r(n) = 2*n**2 - 1583*n + 140809. Give r(102).
151
Let m(r) = r**2 - 4703*r - 965308. Calculate m(-197).
-8
Let d(r) = 13810*r - 110515. What is d(8)?
-35
Let p(y) = -2*y**2 - 1296*y - 69827. Determine p(-59).
-325
Let c(a) = 5296*a + 32799. Determine c(-6).
1023
Let n(w) = -129*w**2 + 34196*w - 3020. Calculate n(265).
-105
Let u(v) = v**3 - 22*v**2 - 2786*v + 58846. What is u(21)?
-101
Let j(p) = -p**3 + 11*p**2 + 386*p - 4196. Determine j(11).
50
Let y(k) = -1269*k - 6558. Calculate y(-5).
-213
Let u(s) = -1845*s - 57195. Determine u(-30).
-1845
Let p(g) = -g**3 + 49*g**2 - 264*g + 258. Calculate p(42).
1518
Let t(m) = -m**2 - 11481*m + 172459. Determine t(15).
19
Let d(u) = -u**2 - 109*u + 7553. Give d(-159).
-397
Let h(t) = -786*t - 31396. Give h(-40).
44
Let h(x) = 34*x**2 - 1091*x - 32990. Determine h(-19).
13
Let g(b) = -16*b - 922. Determine g(-38).
-314
Let r(m) = -151*m + 950. What is r(17)?
-1617
Let h(q) = q**2 + 30039*q - 2469917. What is h(82)?
5
Let m(f) = 13*f**3 - 143*f**2 + 64*f - 701. What is m(11)?
3
Let b(n) = -206*n**3 - 20*n**2 + 19*n + 37. Determine b(2).
-1653
Let c(a) = a**3 - 185*a**2 - 2544*a + 309. What is c(-13)?
-81
Let u(g) = 43*g + 12749. Calculate u(-286).
451
Let z(o) = -o**3 - 122*o**2 - 3271*o - 2822. What is z(-83)?
0
Let k(o) = -4*o**2 - 857*o + 24091. What is k(27)?
-1964
Let y(u) = u**3 - 128*u**2 - 244*u - 1984. What is y(130)?
96
Let p(q) = 262*q - 4136. Calculate p(22).
1628
Let z(g) = -4*g**2 + 3060*g - 12191. Calculate z(4).
-15
Let o(s) = 680*s**2 - 1376*s + 40. Give o(2).
8
Let j(f) = 24*f**2 + 729*f - 101. Calculate j(-30).
-371
Let b(y) = -y**2 - 2587*y + 18141. Determine b(7).
-17
Let b(h) = 8*h**3 + 101*h**2 + 5*h - 425. What is b(-12)?
235
Let h(g) = 574*g**2 - 15499*g + 54. Give h(27).
27
Let z(l) = -238*l - 28144. Give z(-120).
416
Let t(m) = -1478*m**2 - 31011*m + 73. Calculate t(-21).
-494
Let d(b) = 623384*b - 8727387. Determine d(14).
-11
Let n(w) = 77*w**2 + 300*w - 27. What is n(-4)?
5
Let r(n) = 4*n**3 + 167*n**2 - 68*n - 1106. Determine r(-42).
-14
Let d(l) = l**3 + 205*l**2 - 2359*l + 3658. Calculate d(-216).
-14
Let k(h) = 507*h - 2269. What is k(3)?
-748
Let z(v) = -7192*v + 35944. Determine z(5).
-16
Let w(t) = 102377*t + 4504594. Calculate w(-44).
6
Let l(d) = -174*d**2 - 199*d + 5. Give l(-3).
-964
Let m(l) = l**3 + 29*l**2 - 10614*l - 317520. Calculate m(-30).
0
Let b(m) = -190*m**2 - 33*m + 27. Determine b(1).
-196
Let a(y) = 3*y**2 + 260*y + 1190. Determine a(-83).
277
Let q(t) = 18208*t - 855774. What is q(47)?
2
Let t(d) = 7*d**2 - 1327*d - 13134. Calculate t(199).
0
Let k(r) = 228443*r - 2741323. Calculate k(12).
-7
Let h(v) = -2810*v**2 + 44961*v - 13. Determine h(16).
3
Let f(h) = 484*h + 12814. What is f(-26)?
230
Let w(i) = -i**3 - 431*i**2 - 2964*i + 1687. Determine w(-424).
-9
Let q(a) = -2*a**3 - 1787*a**2 + 903*a + 8100. Calculate q(-894).
54
Let s(k) = -43*k**2 - 1691*k + 6803. What is s(4)?
-649
Let t(l) = 1633*l + 126268. Determine t(-77).
527
Let x(j) = 3409973*j + 6819941. Calculate x(-2).
-5
Let g(h) = 1864*h - 9209. Give g(5).
111
Let d(y) = -7*y**2 - 117*y + 3473. Determine d(24).
-3367
Let l(n) = -46065*n + 783097. What is l(17)?
-8
Let x(l) = 2*l**2 - 1159*l - 21509. What is x(-18)?
1
Let d(h) = -h**3 + 51*h**2 - 70*h - 1093. Determine d(49).
279
Let p(z) = -12*z**2 + 32*z + 326. Determine p(6).
86
Let p(q) = -81*q**2 + 299*q + 1946. Determine p(7).
70
Let l(g) = 465*g**2 - 40747*g + 40749. Calculate l(1).
467
Let m(b) = 12*b**2 + 4836*b + 357. Give m(-403).
357
Let g(i) = -i**3 + 23*i**2 - 212*i + 5663. Calculate g(24).
-1
Let p(y) = -7888*y - 370747. Give p(-47).
-11
Let d(v) = -3*v**2 - 2000*v - 21645. Calculate d(-11).
-8
Let l(p) = -2*p**3 + 18*p**2 + 1540*p + 8356. Determine l(-6).
196
Let t(w) = w**2 + 221*w + 662. Calculate t(-218).
8
Let h(s) = 15302*s - 2065755. Calculate h(135).
15
Let h(b) = -6*b**2 - 243*b + 99. What is h(-43)?
-546
Let a(d) = -6570*d - 85801. Calculate a(-13).
-391
Let l(n) = 8*n**3 + 5*n**2 - 850*n + 844. Determine l(1).
7
Let c(a) = -59*a**2 - 32762*a - 65518. Give c(-2).
-230
Let p(z) = -8*z**2 - 788*z - 21656. Calculate p(-29).
-5532
Let i(w) = -12*w**3 + w**2 - 10*w + 124. What is i(-9)?
9043
Let k(h) = h**2 + 14026*h - 1384179. Calculate k(98).
-27
Let v(l) = 51*l**2 + 499*l + 286. Give v(-13).
2418
Let x(b) = -13*b**2 - 3622*b - 25367. What is x(-7)?
-650
Let b(i) = 1204*i + 62600. Give b(-52).
-8
Let x(s) = s**3 + 101*s**2 - 1127*s - 1131. Give x(11).
24
Let h(o) = o**3 + 15*o**2 - 450*o - 7134. Calculate h(-19).
-28
Let t(v) = v**3 - 38*v**2 + 87*v + 931. What is t(35)?
301
Let z(h) = 3*h**2 - 24*h - 3014. Calculate z(37).
205
Let l(j) = 7*j**3 + 4*j**2 - 103*j - 1044. Determine l(6).
-6
Let k(r) = 1742*r - 104254. Determine k(60).
266
Let f(z) = -666*z - 112272. What is f(-169)?
282
Let l(c) = 1246*c - 63493. Determine l(51).
53
Let p(g) = 65723*g - 262891. Give p(4).
1
Let h(n) = -2*n**2 + 26259*n + 183900. Give h(-7).
-11
Let v(g) = 10*g**3 + 590*g**2 - 49*g - 2856. What is v(-59)?
35
Let n(c) = -1098*c**3 - 1086*c**2 - 415*c - 414. Give n(-1).
13
Let c(m) = -438262*m - 4820844. Calculate c(-11).
38
Let c(o) = 366*o + 26875. Determine c(-78).
-1673
Let k(i) = -i**2 + 911*i + 33953. Give k(-36).
-139
Let v(h) = -2*h**2 + 19913*h - 259048. Give v(13).
-517
Let o(l) = 25314*l + 126391. Calculate o(-5).
-179
Let i(x) = -6*x**2 + 51123*x - 204491. What is i(4)?
-95
Let a(s) = -s**3 - 31*s**2 + 157*s + 601. Calculate a(-35).
6
Let x(p) = p**2 - 3276*p - 311. Determine x(0).
-311
Let s(h) = 921*h - 11485. Determine s(12).
-433
Let r(s) = -25506*s - 1045742. Determine r(-41).
4
Let s(b) = -3*b**3 + 171*b**2 - 2431*b - 156. Calculate s(29).
-11
Let p(q) = 227*q + 101262. Give p(-446).
20
Let s(k) = k**2 - 5*k - 1047. Determine s(24).
-591
Let v(n) = -72*n**3 + 297*n**2 - 16*n - 83. Calculate v(4).
-3
Let l(w) = -2*w**3 - 47*w**2 - 226*w - 353. What is l(-9)?
-668
Let c(o) = -11*o**2 - 424*o - 1368. Calculate c(-35).
-3
Let p(b) = b**2 + 13573*b - 81447. Determine p(6).
27
Let x(b) = -384*b - 53494. Calculate x(-124).
-5878
Let i(a) = 347*a**3 + 143*a**2 + 158*a + 14. Calculate i(-1).
-348
Let j(x) = -133123*x - 266241. What is j(-2)?
5
Let x(d) = -2*d**3 + 246*d**2 + 442*d - 24054. Determine x(124).
2
Let u(n) = -44*n + 501. Give u(14).
-115
Let s(h) = -h**3 + 132*h**2 - 491*h - 2667. Determine s(128).
21
Let g(y) = 27*y**3 + 461*y**2 + 40*y + 559. What is g(-17)?
457
Let v(h) = -3096*h - 86592. Give v(-28).
96
Let h(q) = q**3 - 42*q**2 - 589*q - 92. Determine h(-11).
-26
Let t(m) = m**3 - 350*m**2 + 1370*m + 4819. Determine t(346).
-25
Let h(o) = 81*o**2 - 4652*o - 2624. What is h(58)?
44
Let t(d) = d**2 + 318*d - 39. Give t(0).
-39
Let o(t) = -7*t**3 - 253*t**2 - 31*t + 392. Give o(-36).
212
Let d(q) = 100*q**3 + q**2 - 6338*q - 6338. What is d(-1)?
-99
Let r(f) = -309*f - 44825. Calculate r(-145).
-20
Let s(u) = -364*u**2 - 129*u + 241. What is s(2)?
-1473
Let a(k) = 118860*k + 